 = 3*q**2 - 449*q - 30898. What is y(-57)?
4442
Let v(g) = 49*g**2 - 682*g - 23459. Determine v(-16).
-3
Let j(t) = -t**2 - 1154*t + 118696. Calculate j(95).
41
Let w(i) = 26261*i + 3203843. Calculate w(-122).
1
Let a(c) = -c**3 - 23*c**2 + 1550*c + 37521. What is a(-25)?
21
Let o(a) = -a**3 - 28*a**2 + 1561*a + 31375. Calculate o(-18).
37
Let z(m) = -4*m**2 - 483*m - 13848. Determine z(-74).
-10
Let d(s) = -1662*s + 19918. Determine d(12).
-26
Let c(w) = -34*w**2 - 63*w + 21. What is c(-2)?
11
Let r(g) = -g**3 + 61*g**2 + 1035*g - 70108. Calculate r(58).
14
Let f(z) = 20661*z**2 + 268591*z - 24. Give f(-13).
2
Let t(w) = -w**3 + 483*w**2 - 9704*w + 932. Determine t(462).
8
Let j(a) = 15834*a + 15311469. Give j(-967).
-9
Let b(i) = -51*i**2 - 61*i + 166. Determine b(4).
-894
Let k(s) = -1764*s - 5310. Give k(-3).
-18
Let y(r) = -241*r - 6005. Calculate y(-24).
-221
Let c(b) = 4170*b + 58380. What is c(-14)?
0
Let x(i) = 208*i + 47. Calculate x(10).
2127
Let h(i) = -8640*i - 146859. Give h(-17).
21
Let f(o) = -35*o**2 + 2207*o - 137. Give f(63).
-11
Let h(v) = 6*v**3 + 131*v**2 + 233*v + 172. What is h(-20)?
-88
Let a(z) = 22164*z + 620590. Give a(-28).
-2
Let m(u) = 6845*u + 1074671. Give m(-157).
6
Let x(w) = -w**2 - 189*w - 6765. Determine x(-56).
683
Let c(b) = -1185*b - 48577. Give c(-41).
8
Let r(q) = -q**2 + 2138*q + 38910. Give r(-18).
102
Let g(n) = 36*n**2 - 653*n - 79. Determine g(18).
-169
Let x(p) = 434049*p - 4340514. Give x(10).
-24
Let z(j) = -5*j**3 + 19*j**2 - 88*j + 16. Determine z(8).
-2032
Let j(z) = 4*z**2 + 327*z + 5414. Give j(-23).
9
Let c(x) = -x**3 - 13*x**2 + 7322*x + 66191. Calculate c(-9).
-31
Let o(i) = i**3 + 20*i**2 + 47*i + 1522. Give o(-17).
1590
Let p(f) = 702*f + 189534. Determine p(-270).
-6
Let r(g) = -6*g**3 + 26*g**2 - 3540*g + 17801. Calculate r(5).
1
Let d(x) = 6*x**2 + 721*x + 487. Calculate d(-121).
1092
Let d(t) = 2*t**2 + 42*t - 691. Give d(32).
2701
Let n(s) = -54663*s - 1038614. What is n(-19)?
-17
Let u(h) = 3727*h - 6726. Determine u(2).
728
Let k(y) = -268*y - 8080. Calculate k(-29).
-308
Let a(s) = -385*s - 33857. What is a(-88)?
23
Let w(p) = 12*p - 850. What is w(42)?
-346
Let k(m) = 2*m**3 + 301*m**2 + 452*m + 938. Calculate k(-149).
193
Let y(p) = p**2 - 717*p - 116062. What is y(-136)?
-54
Let d(h) = -1642981*h + 3285990. Give d(2).
28
Let l(t) = -121976*t + 6220796. What is l(51)?
20
Let k(w) = -26614*w - 292785. Determine k(-11).
-31
Let t(i) = 57*i**2 - 13842*i - 13906. Calculate t(-1).
-7
Let m(o) = -6359*o + 693229. Give m(109).
98
Let v(t) = t**3 + 237*t**2 - 16746*t - 694. Determine v(57).
-10
Let u(i) = i**2 + 67914*i + 1765085. Determine u(-26).
-3
Let o(q) = -1078*q - 1019774. Calculate o(-946).
14
Let a(d) = -d**3 + 8*d**2 - 404*d + 1951. What is a(5)?
6
Let w(g) = -6*g**3 - 106*g**2 + 8*g - 500. What is w(-18)?
4
Let p(g) = 7827*g + 47015. Calculate p(-6).
53
Let z(g) = -704*g + 10673. Calculate z(15).
113
Let q(z) = -8509*z - 1037552. What is q(-122)?
546
Let x(d) = 3*d**2 + 323*d - 393. What is x(8)?
2383
Let o(u) = 2*u**2 + 952*u - 25656. What is o(27)?
1506
Let k(x) = -x**3 - 89*x**2 - 1617*x + 1326. What is k(-63)?
3
Let z(b) = -2*b**3 - 200*b**2 - 182*b + 1587. What is z(-99)?
3
Let d(i) = -149*i**3 + 44*i**2 + 93*i + 49. Determine d(-1).
149
Let d(h) = 7*h**3 + 28*h**2 + 86*h + 432. Give d(-5).
-173
Let o(j) = -15*j**3 - 9*j**2 + 44*j + 68. What is o(-7)?
4464
Let t(b) = 26317*b - 473702. Give t(18).
4
Let v(j) = 7*j**3 - 71*j**2 + 736*j - 7272. Determine v(10).
-12
Let q(x) = -x**3 - 756*x**2 + 60514*x - 2485. Determine q(-829).
2
Let l(x) = 3*x**3 + 84*x**2 - 128*x - 3565. Give l(-28).
19
Let s(i) = 5407*i - 2757573. Calculate s(510).
-3
Let f(d) = -d**3 + 34*d**2 + 819*d - 28180. Determine f(30).
-10
Let j(i) = -i**2 - 149*i - 4509. Calculate j(-45).
171
Let d(t) = -t**3 - 21*t**2 - 4*t + 2. What is d(-23)?
1152
Let c(h) = -h**3 + 16*h**2 - 37*h - 273. What is c(14)?
-399
Let k(m) = -468*m**3 + 2808*m**2 + 18*m - 193. Give k(6).
-85
Let k(f) = 3*f**2 - 123*f - 531. Calculate k(45).
9
Let u(v) = 899*v - 87771. Calculate u(97).
-568
Let s(y) = y**3 + 51*y**2 + 31*y - 876. Calculate s(-50).
74
Let j(t) = 4*t**2 + 1488*t - 12014. Calculate j(8).
146
Let l(j) = -3*j**2 + 232*j + 52046. Determine l(176).
-50
Let r(l) = -36*l**3 - 251*l**2 + 9*l + 41. Give r(-7).
27
Let v(b) = 9231*b + 36926. Determine v(-4).
2
Let p(v) = -21*v**3 + 1639*v**2 - 98*v + 1583. What is p(78)?
23
Let x(o) = 3128687*o + 18772126. Calculate x(-6).
4
Let b(x) = -3*x**3 - 41*x**2 - 173*x - 301. Determine b(-8).
-5
Let k(q) = -182*q**2 - 64*q + 140. What is k(2)?
-716
Let r(x) = 115704*x + 1504151. Determine r(-13).
-1
Let y(i) = 1676*i - 14803. Give y(9).
281
Let k(q) = q**3 + q**2 - 554*q + 4434. What is k(8)?
578
Let f(m) = -4*m**2 + 450*m + 8549. Calculate f(129).
35
Let b(s) = 14*s**2 + 597*s - 19. Calculate b(-41).
-962
Let p(b) = -17*b**3 + 5*b**2 - 78*b - 180. Calculate p(-2).
132
Let h(o) = -o**3 + 2*o**2 - 354*o - 1849. Calculate h(0).
-1849
Let z(a) = a**2 + 1956*a - 431208. Determine z(200).
-8
Let m(p) = -3*p**3 + 344*p**2 + 1359*p + 901. Determine m(-3).
1
Let m(g) = 1243*g + 389058. Give m(-313).
-1
Let k(b) = 752*b - 111239. Determine k(148).
57
Let t(d) = -4*d**2 - 1738*d - 92965. What is t(-372)?
35
Let h(v) = -v**3 + 15*v**2 - 60*v - 42. Determine h(6).
-78
Let x(j) = -51*j**2 - 2294*j + 66. Determine x(-45).
21
Let c(y) = -63*y**2 + 1231*y - 15. Determine c(13).
5341
Let k(i) = 3*i**2 - 114*i - 3816. Determine k(-22).
144
Let u(x) = 32*x**2 - 4359*x + 17478. What is u(4)?
554
Let g(q) = q**3 + 7*q**2 - 18*q + 64. What is g(-12)?
-440
Let i(u) = 55*u**3 - 34*u**2 + 67*u + 19. Calculate i(3).
1399
Let d(n) = -7*n**2 + 405*n + 401. Calculate d(-1).
-11
Let z(h) = -183*h**2 + 24180*h - 3190. Calculate z(132).
-22
Let x(w) = -32*w**2 + 141993*w + 283982. What is x(-2)?
-132
Let u(f) = -906*f + 17352. Determine u(19).
138
Let c(l) = 19*l**2 + 898*l + 695. Determine c(-49).
2312
Let i(a) = 30*a**2 + 314*a + 1541. What is i(-5)?
721
Let v(h) = -2*h**2 + 450*h - 8638. Calculate v(21).
-70
Let k(z) = 1281*z + 1046605. Determine k(-817).
28
Let w(c) = 124*c**3 + 249*c**2 - 1236*c - 2472. What is w(-2)?
4
Let m(d) = 2*d**3 - 74*d**2 - 299*d + 2308. Give m(40).
-52
Let g(r) = 2*r**2 - 19*r - 1125. Calculate g(-22).
261
Let j(f) = -42263*f + 253578. Determine j(6).
0
Let o(y) = -808*y - 270499. Give o(-335).
181
Let v(h) = 2*h**3 + 471*h**2 + 1124*h - 9528. Calculate v(-233).
25
Let g(q) = 43543*q + 304760. Calculate g(-7).
-41
Let d(k) = k**3 + 38*k**2 - 1010*k - 26. Give d(18).
-62
Let d(b) = -1202*b**2 + 33655*b + 22. What is d(28)?
-6
Let z(x) = -x**3 - 147*x**2 - 3706*x - 2981. Give z(-115).
9
Let r(g) = -14*g**2 + 5476*g - 113795. What is r(22)?
-99
Let z(l) = -l**3 - 365*l**2 + 500*l - 85875. What is z(-367)?
3
Let d(w) = -3*w**3 + 4*w**2 - 8*w + 3. Give d(0).
3
Let c(t) = 2*t**3 + 43*t**2 - 611*t - 671. Calculate c(-31).
11
Let v(m) = 92*m + 2492. Give v(-27).
8
Let o(h) = -h**3 - 51*h**2 - 517*h + 80. Give o(-16).
-608
Let v(a) = 59*a**2 + 6434*a + 325. Calculate v(-109).
-2
Let r(p) = -p**3 + 654*p**2 - 48857*p - 159. Determine r(86).
-933
Let x(y) = -349*y + 23612. What is x(68)?
-120
Let x(o) = -64*o - 2422. Determine x(-22).
-1014
Let m(j) = -216464*j - 32253146. Calculate m(-149).
-10
Let c(q) = 71*q**2 - 226*q - 197. Give c(7).
1700
Let f(k) = -284*k + 48901. Determine f(172).
53
Let b(h) = 5*h**3 - 144*h**2 - 1352*h + 38375. Determine b(29).
8
Let r(c) = -c**3 - 4*c**2 - 55*c - 107. Give r(-8).
589
Let r(i) = -i**2 + 828*i - 4964. What is r(6)?
-32
Let k(n) = -10*n**2 + 944*n - 2126. Determine k(89).
2680
Let a(c) = 143978*c - 4175355. Calculate a(29).
7
Let o(t) = t**3 + 14*t**2 - 6291*t - 63279. Give o(-10).
31
Let c(z) = 51901*z + 570904. Calculate c(-11).
-7
Let n(v) = -122*v**2 + 2333*v - 257. Give n(19).
28
Let z(y) = y**3 - 5*y**2 + 7208*y - 43283. What is z(6)?
1
Let r(q) = q**3 - 86*q**2 - 661*q - 75. Determine r(-7).
-5
Let q(a) = a**3 + 48*a**2 - 232*a - 11160. Calculate q(-48).
-24
Let p(h) = -10401*h + 1986647. What is p(191)?
56
Let m(o) = -19*o**2 + 52*o + 553. Determine m(-4).
41
Let x(t) = t**3 + 115*t**2 + 112*t + 58. Give x(-114).
286
Let h(q) = 14*q**2 